{"id":12,"date":"2024-02-09T13:03:51","date_gmt":"2024-02-09T13:03:51","guid":{"rendered":"https:\/\/www.nataliaannakalisz.pl\/?page_id=12"},"modified":"2024-08-11T09:11:35","modified_gmt":"2024-08-11T09:11:35","slug":"malarstwo","status":"publish","type":"page","link":"https:\/\/www.nataliaannakalisz.pl\/index.php\/malarstwo\/","title":{"rendered":"MALARSTWO"},"content":{"rendered":"\n<div class=\"wp-block-cover alignfull is-light\" style=\"min-height:345px;aspect-ratio:unset;\"><span aria-hidden=\"true\" class=\"wp-block-cover__background has-background-dim wp-block-cover__gradient-background has-background-gradient\" style=\"background:radial-gradient(rgba(255,255,255,0.07) 0%,rgba(249,255,157,0.07) 100%)\"><\/span><img loading=\"lazy\" decoding=\"async\" width=\"800\" height=\"800\" class=\"wp-block-cover__image-background wp-image-83\" alt=\"\" src=\"https:\/\/www.nataliaannakalisz.pl\/wp-content\/uploads\/2024\/02\/papier_czerpany_cebula_z_trawa.jpg\" style=\"object-position:69% 96%\" data-object-fit=\"cover\" data-object-position=\"69% 96%\" srcset=\"https:\/\/www.nataliaannakalisz.pl\/wp-content\/uploads\/2024\/02\/papier_czerpany_cebula_z_trawa.jpg 800w, https:\/\/www.nataliaannakalisz.pl\/wp-content\/uploads\/2024\/02\/papier_czerpany_cebula_z_trawa-300x300.jpg 300w, https:\/\/www.nataliaannakalisz.pl\/wp-content\/uploads\/2024\/02\/papier_czerpany_cebula_z_trawa-150x150.jpg 150w, https:\/\/www.nataliaannakalisz.pl\/wp-content\/uploads\/2024\/02\/papier_czerpany_cebula_z_trawa-768x768.jpg 768w\" sizes=\"auto, (max-width: 800px) 100vw, 800px\" \/><div class=\"wp-block-cover__inner-container is-layout-flow wp-block-cover-is-layout-flow\">\n<div style=\"height:48px\" aria-hidden=\"true\" class=\"wp-block-spacer\"><\/div>\n\n\n<div class=\"wp-block-image is-style-rounded\">\n<figure class=\"aligncenter size-large is-resized\"><img loading=\"lazy\" decoding=\"async\" width=\"1146\" height=\"1146\" src=\"https:\/\/www.nataliaannakalisz.pl\/wp-content\/uploads\/2024\/08\/442424221_957292156406937_1945076364515993682_n-1-edited-7.jpg\" alt=\"\" class=\"wp-image-817\" style=\"width:332px;height:auto\" srcset=\"https:\/\/www.nataliaannakalisz.pl\/wp-content\/uploads\/2024\/08\/442424221_957292156406937_1945076364515993682_n-1-edited-7.jpg 1146w, https:\/\/www.nataliaannakalisz.pl\/wp-content\/uploads\/2024\/08\/442424221_957292156406937_1945076364515993682_n-1-edited-7-300x300.jpg 300w, https:\/\/www.nataliaannakalisz.pl\/wp-content\/uploads\/2024\/08\/442424221_957292156406937_1945076364515993682_n-1-edited-7-1024x1024.jpg 1024w, https:\/\/www.nataliaannakalisz.pl\/wp-content\/uploads\/2024\/08\/442424221_957292156406937_1945076364515993682_n-1-edited-7-150x150.jpg 150w, https:\/\/www.nataliaannakalisz.pl\/wp-content\/uploads\/2024\/08\/442424221_957292156406937_1945076364515993682_n-1-edited-7-768x768.jpg 768w\" sizes=\"auto, (max-width: 1146px) 100vw, 1146px\" \/><\/figure><\/div>\n\n\n<div style=\"height:44px\" aria-hidden=\"true\" class=\"wp-block-spacer\"><\/div>\n\n\n\n<div class=\"wp-block-group\"><div class=\"wp-block-group__inner-container is-layout-flow wp-block-group-is-layout-flow\">\n<div style=\"height:0px\" aria-hidden=\"true\" class=\"wp-block-spacer\"><\/div>\n\n\n\n<div style=\"height:0px\" aria-hidden=\"true\" class=\"wp-block-spacer\"><\/div>\n<\/div><\/div>\n<\/div><\/div>\n\n\n\n<div class=\"wp-block-cover alignfull is-light\" style=\"min-height:600px;aspect-ratio:unset;\"><span aria-hidden=\"true\" class=\"wp-block-cover__background has-nv-site-bg-background-color has-background-dim-100 has-background-dim\"><\/span><div class=\"wp-block-cover__inner-container is-layout-flow wp-block-cover-is-layout-flow\">\n<div class=\"wp-block-group\"><div class=\"wp-block-group__inner-container is-layout-flow wp-block-group-is-layout-flow\">\n<div style=\"height:49px\" aria-hidden=\"true\" class=\"wp-block-spacer\"><\/div>\n\n\n\n<hr class=\"wp-block-separator has-css-opacity is-style-default\"\/>\n\n\n\n<blockquote class=\"wp-block-quote has-text-align-center is-style-large is-layout-flow wp-block-quote-is-layout-flow\">\n<p style=\"font-size:14px\">\u201eZanurzam si\u0119 w otch\u0142ani. To wyobra\u017cenie o niej, ci\u0105g\u0142a potrzeba nadawania jej barwy i kszta\u0142tu, otwiera przede mn\u0105 mo\u017cliwo\u015b\u0107 g\u0142\u0119bokiego prze\u017cywania, i wyostrza zmys\u0142y. Wprowadza mnie w obc\u0105, niedookre\u015blon\u0105 przestrze\u0144 i odrealnia, jednocze\u015bnie zwi\u0119kszaj\u0105c moj\u0105 samo\u015bwiadomo\u015b\u0107 w byciu tu, i teraz. Pot\u0119ga Limbo, ocieranie si\u0119 o jej destruktywn\u0105 si\u0142\u0119 i nabieranie wiedzy o jej istnieniu nap\u0119dza \u017c\u0105dz\u0119 egzystencji. Odczuwam dwa obce sobie instynkty, pop\u0119d \u017cycia i \u015bmierci jako jedno\u015b\u0107. Wsp\u00f3\u0142istniej\u0105 i zasilaj\u0105 si\u0119 wzajemnie. To sta\u0142o si\u0119 moj\u0105 filozofi\u0105 i strategi\u0105 przetrwania. To czyni mnie cz\u0119\u015bci\u0105 nieprzerwanego cyklu. Kiedy przyci\u0105gam do siebie to poczucie i zamykam oczy widz\u0119 wyra\u017aniej. Kieruje mn\u0105 my\u015bl o tym co vanitas, o tym co pierwotne i egzystencjalne. To mnie oczyszcza. To kszta\u0142tuje moje etyczne ja. Obrazem opowiadam o sile ludzkiej ja\u017ani, odmiennych stanach \u015bwiadomo\u015bci \u2013 derealizacji za dnia i samo\u015bwiadomo\u015bci we \u015bnie. Te dwa \u015bwiaty nieustannie przenikaj\u0105 si\u0119 we mnie. R\u00f3wnowa\u017c\u0105 si\u0119 w mojej tw\u00f3rczo\u015bci. Maluj\u0119 o tym, o czym \u015bni\u0119. \u015ani\u0119 o tym, o czym maluj\u0119. Obserwuj\u0119 cz\u0142owieka, kt\u00f3ry ulega przemianom i wyniszczeniu, na kt\u00f3rym skupia si\u0119 oddzia\u0142ywanie \u015bwiata i up\u0142yw czasu. On do\u015bwiadczony jest \u015bwiadomo\u015bci\u0105 \u015bmierci, procesem przemijania i nieuchronno\u015bci przed ich si\u0142\u0105. Buduj\u0105c obrazy oswajam my\u015bl o vanitas. Nakre\u015blam wizj\u0119, kt\u00f3ra \u015bwiadczy o niepowtarzalno\u015bci i swoistej odr\u0119bno\u015bci umys\u0142u, mimowolnie ska\u017conego \u015bwiadomo\u015bci\u0105 przemijania, pocz\u0105wszy od momentu narodzin. Rozwa\u017cam \u2013 czy traum\u0119 i b\u00f3l istnienia mo\u017cna poj\u0105\u0107 w kontek\u015bcie odrodzenia, i nadziei na nowe \u017cycie? (\u2026) \u201d.<\/p>\n<cite><em>&#8211; Natalia Anna Kalisz<\/em><\/cite><\/blockquote>\n\n\n\n<hr class=\"wp-block-separator has-alpha-channel-opacity is-style-default\"\/>\n\n\n\n<div style=\"height:46px\" aria-hidden=\"true\" class=\"wp-block-spacer\"><\/div>\n\n\n\n<div class=\"wp-block-columns is-layout-flex wp-container-core-columns-is-layout-9d6595d7 wp-block-columns-is-layout-flex\">\n<div class=\"wp-block-column is-layout-flow wp-block-column-is-layout-flow\">\n<figure class=\"wp-block-image size-large is-resized is-style-rounded\"><img loading=\"lazy\" decoding=\"async\" width=\"595\" height=\"595\" src=\"https:\/\/www.nataliaannakalisz.pl\/wp-content\/uploads\/2024\/08\/28337030_1829324013759124_5719605109297824094_o-1-edited-1.jpg\" alt=\"\" class=\"wp-image-582\" style=\"width:369px;height:auto\" srcset=\"https:\/\/www.nataliaannakalisz.pl\/wp-content\/uploads\/2024\/08\/28337030_1829324013759124_5719605109297824094_o-1-edited-1.jpg 595w, https:\/\/www.nataliaannakalisz.pl\/wp-content\/uploads\/2024\/08\/28337030_1829324013759124_5719605109297824094_o-1-edited-1-300x300.jpg 300w, https:\/\/www.nataliaannakalisz.pl\/wp-content\/uploads\/2024\/08\/28337030_1829324013759124_5719605109297824094_o-1-edited-1-150x150.jpg 150w\" sizes=\"auto, (max-width: 595px) 100vw, 595px\" \/><\/figure>\n<\/div>\n\n\n\n<div class=\"wp-block-column is-layout-flow wp-block-column-is-layout-flow\">\n<figure class=\"wp-block-image size-full is-style-default\"><img loading=\"lazy\" decoding=\"async\" width=\"1536\" height=\"1536\" src=\"https:\/\/www.nataliaannakalisz.pl\/wp-content\/uploads\/2024\/08\/441454146_957285589740927_4499766553785312848_n-edited-1.jpg\" alt=\"\" class=\"wp-image-620\" srcset=\"https:\/\/www.nataliaannakalisz.pl\/wp-content\/uploads\/2024\/08\/441454146_957285589740927_4499766553785312848_n-edited-1.jpg 1536w, https:\/\/www.nataliaannakalisz.pl\/wp-content\/uploads\/2024\/08\/441454146_957285589740927_4499766553785312848_n-edited-1-300x300.jpg 300w, https:\/\/www.nataliaannakalisz.pl\/wp-content\/uploads\/2024\/08\/441454146_957285589740927_4499766553785312848_n-edited-1-1024x1024.jpg 1024w, https:\/\/www.nataliaannakalisz.pl\/wp-content\/uploads\/2024\/08\/441454146_957285589740927_4499766553785312848_n-edited-1-150x150.jpg 150w, https:\/\/www.nataliaannakalisz.pl\/wp-content\/uploads\/2024\/08\/441454146_957285589740927_4499766553785312848_n-edited-1-768x768.jpg 768w\" sizes=\"auto, (max-width: 1536px) 100vw, 1536px\" \/><\/figure>\n<\/div>\n\n\n\n<div class=\"wp-block-column is-layout-flow wp-block-column-is-layout-flow\">\n<figure class=\"wp-block-image size-full\"><img loading=\"lazy\" decoding=\"async\" width=\"631\" height=\"631\" src=\"https:\/\/www.nataliaannakalisz.pl\/wp-content\/uploads\/2024\/08\/IMG_20240731_154533mf-edited-1.jpg\" alt=\"\" class=\"wp-image-279\" srcset=\"https:\/\/www.nataliaannakalisz.pl\/wp-content\/uploads\/2024\/08\/IMG_20240731_154533mf-edited-1.jpg 631w, https:\/\/www.nataliaannakalisz.pl\/wp-content\/uploads\/2024\/08\/IMG_20240731_154533mf-edited-1-300x300.jpg 300w, https:\/\/www.nataliaannakalisz.pl\/wp-content\/uploads\/2024\/08\/IMG_20240731_154533mf-edited-1-150x150.jpg 150w\" sizes=\"auto, (max-width: 631px) 100vw, 631px\" \/><\/figure>\n<\/div>\n<\/div>\n\n\n\n<hr class=\"wp-block-separator has-text-color has-nv-text-dark-bg-color has-alpha-channel-opacity has-nv-text-dark-bg-background-color has-background\"\/>\n\n\n\n<div class=\"wp-block-columns is-layout-flex wp-container-core-columns-is-layout-9d6595d7 wp-block-columns-is-layout-flex\">\n<div class=\"wp-block-column is-layout-flow wp-block-column-is-layout-flow\">\n<figure class=\"wp-block-image size-large is-style-default\"><img loading=\"lazy\" decoding=\"async\" width=\"1024\" height=\"1024\" src=\"https:\/\/www.nataliaannakalisz.pl\/wp-content\/uploads\/2024\/08\/IMG_20240810_004910-min-edited-1024x1024.jpg\" alt=\"\" class=\"wp-image-710\" srcset=\"https:\/\/www.nataliaannakalisz.pl\/wp-content\/uploads\/2024\/08\/IMG_20240810_004910-min-edited-1024x1024.jpg 1024w, https:\/\/www.nataliaannakalisz.pl\/wp-content\/uploads\/2024\/08\/IMG_20240810_004910-min-edited-300x300.jpg 300w, https:\/\/www.nataliaannakalisz.pl\/wp-content\/uploads\/2024\/08\/IMG_20240810_004910-min-edited-150x150.jpg 150w, https:\/\/www.nataliaannakalisz.pl\/wp-content\/uploads\/2024\/08\/IMG_20240810_004910-min-edited-768x768.jpg 768w, https:\/\/www.nataliaannakalisz.pl\/wp-content\/uploads\/2024\/08\/IMG_20240810_004910-min-edited-1536x1536.jpg 1536w, https:\/\/www.nataliaannakalisz.pl\/wp-content\/uploads\/2024\/08\/IMG_20240810_004910-min-edited-2048x2048.jpg 2048w\" sizes=\"auto, (max-width: 1024px) 100vw, 1024px\" \/><\/figure>\n<\/div>\n\n\n\n<div class=\"wp-block-column is-layout-flow wp-block-column-is-layout-flow\">\n<figure class=\"wp-block-image size-large is-resized is-style-default\"><img loading=\"lazy\" decoding=\"async\" width=\"1200\" height=\"1199\" src=\"https:\/\/www.nataliaannakalisz.pl\/wp-content\/uploads\/2024\/08\/440366889_3662051124039390_4853084232874147345_n-edited.jpg\" alt=\"\" class=\"wp-image-814\" style=\"width:366px;height:auto\" srcset=\"https:\/\/www.nataliaannakalisz.pl\/wp-content\/uploads\/2024\/08\/440366889_3662051124039390_4853084232874147345_n-edited.jpg 1200w, https:\/\/www.nataliaannakalisz.pl\/wp-content\/uploads\/2024\/08\/440366889_3662051124039390_4853084232874147345_n-edited-300x300.jpg 300w, https:\/\/www.nataliaannakalisz.pl\/wp-content\/uploads\/2024\/08\/440366889_3662051124039390_4853084232874147345_n-edited-1024x1024.jpg 1024w, https:\/\/www.nataliaannakalisz.pl\/wp-content\/uploads\/2024\/08\/440366889_3662051124039390_4853084232874147345_n-edited-150x150.jpg 150w, https:\/\/www.nataliaannakalisz.pl\/wp-content\/uploads\/2024\/08\/440366889_3662051124039390_4853084232874147345_n-edited-768x767.jpg 768w\" sizes=\"auto, (max-width: 1200px) 100vw, 1200px\" \/><\/figure>\n<\/div>\n\n\n\n<div class=\"wp-block-column is-layout-flow wp-block-column-is-layout-flow\">\n<figure class=\"wp-block-image size-full is-resized\"><img loading=\"lazy\" decoding=\"async\" width=\"1821\" height=\"1821\" src=\"https:\/\/www.nataliaannakalisz.pl\/wp-content\/uploads\/2024\/08\/IMG_20240810_004956-min-edited-2.jpg\" alt=\"\" class=\"wp-image-813\" style=\"width:369px;height:auto\" srcset=\"https:\/\/www.nataliaannakalisz.pl\/wp-content\/uploads\/2024\/08\/IMG_20240810_004956-min-edited-2.jpg 1821w, https:\/\/www.nataliaannakalisz.pl\/wp-content\/uploads\/2024\/08\/IMG_20240810_004956-min-edited-2-300x300.jpg 300w, https:\/\/www.nataliaannakalisz.pl\/wp-content\/uploads\/2024\/08\/IMG_20240810_004956-min-edited-2-1024x1024.jpg 1024w, https:\/\/www.nataliaannakalisz.pl\/wp-content\/uploads\/2024\/08\/IMG_20240810_004956-min-edited-2-150x150.jpg 150w, https:\/\/www.nataliaannakalisz.pl\/wp-content\/uploads\/2024\/08\/IMG_20240810_004956-min-edited-2-768x768.jpg 768w, https:\/\/www.nataliaannakalisz.pl\/wp-content\/uploads\/2024\/08\/IMG_20240810_004956-min-edited-2-1536x1536.jpg 1536w\" sizes=\"auto, (max-width: 1821px) 100vw, 1821px\" \/><\/figure>\n<\/div>\n<\/div>\n\n\n\n<div style=\"height:14px\" aria-hidden=\"true\" class=\"wp-block-spacer\"><\/div>\n\n\n\n<div style=\"height:40px\" aria-hidden=\"true\" class=\"wp-block-spacer\"><\/div>\n\n\n\n<hr class=\"wp-block-separator has-alpha-channel-opacity is-style-default\"\/>\n\n\n\n<div style=\"height:11px\" aria-hidden=\"true\" class=\"wp-block-spacer\"><\/div>\n\n\n\n<blockquote class=\"wp-block-quote has-text-align-center is-style-large is-layout-flow wp-block-quote-is-layout-flow\">\n<p style=\"font-size:15px\">\u201eMaluj\u0119 przy u\u017cyciu farb olejnych, akrylowych oraz akwareli. Bezgranicznie poch\u0142ania mnie malowanie miniaturowych form &#8211; ilustracji ksi\u0105\u017ckowych &#8211; opartych o autorskie teksty &#8211; ba\u015bnie i zbiory opowiada\u0144. Za malarskie podk\u0142ady s\u0142u\u017c\u0105 mi zazwyczaj lniane p\u0142\u00f3tna o delikatnej strukturze i papier czerpany, kt\u00f3ry po uko\u0144czeniu obrazu werniksuj\u0119, i cz\u0119sto naklejam na drewnian\u0105 desk\u0119, co w moim odczuciu nadaje obrazom trwa\u0142o\u015bci, i szlachetnej formy. <br>Cz\u0119sto \u0142\u0105cz\u0119 techniki malarskie z klasycznymi technikami graficznymi, takimi jak linoryt i przedruk anastatyczny. Obecnie moje malarstwo skupia si\u0119 na abstrakcyjnych kompozycjach, z\u0142o\u017conych z miniaturowych form, nawi\u0105zuj\u0105cych do element\u00f3w zainspirowanych natur\u0105 oraz portretu w uj\u0119ciu surrealistycznym\u201d.<br><br><em>&#8211; Natalia Anna Kalisz<\/em><\/p>\n\n\n\n<div style=\"height:8px\" aria-hidden=\"true\" class=\"wp-block-spacer\"><\/div>\n\n\n\n<hr class=\"wp-block-separator has-css-opacity is-style-default\"\/>\n<\/blockquote>\n\n\n\n<div style=\"height:25px\" aria-hidden=\"true\" class=\"wp-block-spacer\"><\/div>\n\n\n\n<div style=\"height:40px\" aria-hidden=\"true\" class=\"wp-block-spacer\"><\/div>\n\n\n\n<div class=\"wp-block-group\"><div class=\"wp-block-group__inner-container is-layout-flow wp-block-group-is-layout-flow\">\n<figure class=\"wp-block-gallery has-nested-images columns-4 is-cropped wp-block-gallery-1 is-layout-flex wp-block-gallery-is-layout-flex\">\n<figure class=\"wp-block-image size-large\"><img loading=\"lazy\" decoding=\"async\" width=\"1024\" height=\"1024\" data-id=\"593\" src=\"https:\/\/www.nataliaannakalisz.pl\/wp-content\/uploads\/2024\/08\/439503056_3893567664222682_4608626457418480715_n-edited-1-1024x1024.jpg\" alt=\"\" class=\"wp-image-593\" srcset=\"https:\/\/www.nataliaannakalisz.pl\/wp-content\/uploads\/2024\/08\/439503056_3893567664222682_4608626457418480715_n-edited-1-1024x1024.jpg 1024w, https:\/\/www.nataliaannakalisz.pl\/wp-content\/uploads\/2024\/08\/439503056_3893567664222682_4608626457418480715_n-edited-1-300x300.jpg 300w, https:\/\/www.nataliaannakalisz.pl\/wp-content\/uploads\/2024\/08\/439503056_3893567664222682_4608626457418480715_n-edited-1-150x150.jpg 150w, https:\/\/www.nataliaannakalisz.pl\/wp-content\/uploads\/2024\/08\/439503056_3893567664222682_4608626457418480715_n-edited-1-768x768.jpg 768w, https:\/\/www.nataliaannakalisz.pl\/wp-content\/uploads\/2024\/08\/439503056_3893567664222682_4608626457418480715_n-edited-1.jpg 1124w\" sizes=\"auto, (max-width: 1024px) 100vw, 1024px\" \/><\/figure>\n\n\n\n<figure class=\"wp-block-image size-large\"><img loading=\"lazy\" decoding=\"async\" width=\"1416\" height=\"1416\" data-id=\"820\" src=\"https:\/\/www.nataliaannakalisz.pl\/wp-content\/uploads\/2024\/08\/442424221_957292156406937_1945076364515993682_n-1-edited-8.jpg\" alt=\"\" class=\"wp-image-820\" srcset=\"https:\/\/www.nataliaannakalisz.pl\/wp-content\/uploads\/2024\/08\/442424221_957292156406937_1945076364515993682_n-1-edited-8.jpg 1416w, https:\/\/www.nataliaannakalisz.pl\/wp-content\/uploads\/2024\/08\/442424221_957292156406937_1945076364515993682_n-1-edited-8-300x300.jpg 300w, https:\/\/www.nataliaannakalisz.pl\/wp-content\/uploads\/2024\/08\/442424221_957292156406937_1945076364515993682_n-1-edited-8-1024x1024.jpg 1024w, https:\/\/www.nataliaannakalisz.pl\/wp-content\/uploads\/2024\/08\/442424221_957292156406937_1945076364515993682_n-1-edited-8-150x150.jpg 150w, https:\/\/www.nataliaannakalisz.pl\/wp-content\/uploads\/2024\/08\/442424221_957292156406937_1945076364515993682_n-1-edited-8-768x768.jpg 768w\" sizes=\"auto, (max-width: 1416px) 100vw, 1416px\" \/><\/figure>\n\n\n\n<figure class=\"wp-block-image size-full\"><img loading=\"lazy\" decoding=\"async\" width=\"614\" height=\"614\" data-id=\"284\" src=\"https:\/\/www.nataliaannakalisz.pl\/wp-content\/uploads\/2024\/08\/a-mf-edited.jpg\" alt=\"\" class=\"wp-image-284\" srcset=\"https:\/\/www.nataliaannakalisz.pl\/wp-content\/uploads\/2024\/08\/a-mf-edited.jpg 614w, https:\/\/www.nataliaannakalisz.pl\/wp-content\/uploads\/2024\/08\/a-mf-edited-300x300.jpg 300w, https:\/\/www.nataliaannakalisz.pl\/wp-content\/uploads\/2024\/08\/a-mf-edited-150x150.jpg 150w\" sizes=\"auto, (max-width: 614px) 100vw, 614px\" \/><\/figure>\n<\/figure>\n<\/div><\/div>\n<\/div><\/div>\n\n\n\n<div style=\"height:24px\" aria-hidden=\"true\" class=\"wp-block-spacer\"><\/div>\n\n\n\n<div style=\"height:53px\" aria-hidden=\"true\" class=\"wp-block-spacer\"><\/div>\n\n\n\n<hr class=\"wp-block-separator has-alpha-channel-opacity\"\/>\n\n\n\n<div class=\"wp-block-group\"><div class=\"wp-block-group__inner-container is-layout-flow wp-block-group-is-layout-flow\">\n<div style=\"height:20px\" aria-hidden=\"true\" class=\"wp-block-spacer\"><\/div>\n\n\n\n<div style=\"height:40px\" aria-hidden=\"true\" class=\"wp-block-spacer\"><\/div>\n<\/div><\/div>\n<\/div><\/div>\n","protected":false},"excerpt":{"rendered":"","protected":false},"author":1,"featured_media":0,"parent":0,"menu_order":0,"comment_status":"closed","ping_status":"closed","template":"","meta":{"neve_meta_sidebar":"","neve_meta_container":"","neve_meta_enable_content_width":"on","neve_meta_content_width":100,"neve_meta_title_alignment":"","neve_meta_author_avatar":"","neve_post_elements_order":"","neve_meta_disable_header":"","neve_meta_disable_footer":"","neve_meta_disable_title":"on","ngg_post_thumbnail":0,"footnotes":""},"class_list":["post-12","page","type-page","status-publish","hentry"],"_links":{"self":[{"href":"https:\/\/www.nataliaannakalisz.pl\/index.php\/wp-json\/wp\/v2\/pages\/12","targetHints":{"allow":["GET"]}}],"collection":[{"href":"https:\/\/www.nataliaannakalisz.pl\/index.php\/wp-json\/wp\/v2\/pages"}],"about":[{"href":"https:\/\/www.nataliaannakalisz.pl\/index.php\/wp-json\/wp\/v2\/types\/page"}],"author":[{"embeddable":true,"href":"https:\/\/www.nataliaannakalisz.pl\/index.php\/wp-json\/wp\/v2\/users\/1"}],"replies":[{"embeddable":true,"href":"https:\/\/www.nataliaannakalisz.pl\/index.php\/wp-json\/wp\/v2\/comments?post=12"}],"version-history":[{"count":32,"href":"https:\/\/www.nataliaannakalisz.pl\/index.php\/wp-json\/wp\/v2\/pages\/12\/revisions"}],"predecessor-version":[{"id":836,"href":"https:\/\/www.nataliaannakalisz.pl\/index.php\/wp-json\/wp\/v2\/pages\/12\/revisions\/836"}],"wp:attachment":[{"href":"https:\/\/www.nataliaannakalisz.pl\/index.php\/wp-json\/wp\/v2\/media?parent=12"}],"curies":[{"name":"wp","href":"https:\/\/api.w.org\/{rel}","templated":true}]}}